at is 30ab - 19?
3092
In base 2, what is 10111111 - -100010101000?
100101100111
In base 6, what is -20 + 150431?
150411
In base 16, what is 5 + c3d7?
c3dc
In base 10, what is 3578 + -173?
3405
In base 16, what is 688 + 2?
68a
In base 14, what is -283 + -38b8?
-3b5b
In base 14, what is 1a363 - 8?
1a359
In base 8, what is -25644602 + 1?
-25644601
In base 12, what is -1546 - 61?
-15a7
In base 15, what is 4c1 - 92?
42e
In base 6, what is 1534113 - 113?
1534000
In base 14, what is -5 + 21d53?
21d4c
In base 7, what is 64 - 1653?
-1556
In base 6, what is 1402534 + 4?
1402542
In base 12, what is -49 - -76a?
721
In base 10, what is -71 - 2794?
-2865
In base 12, what is 193 + a1?
274
In base 5, what is 14 + -3414012?
-3413443
In base 8, what is -1314750 - -4?
-1314744
In base 10, what is -114 - -206?
92
In base 16, what is -2d77 + 2?
-2d75
In base 2, what is 1111 - -1101111101101001?
1101111101111000
In base 10, what is -2015 - 34?
-2049
In base 16, what is 1b67 - d0?
1a97
In base 2, what is 11111101 - -11110110100001?
11111010011110
In base 5, what is 423121 + 200?
423321
In base 15, what is 139 + -564?
-42a
In base 15, what is 211291 - -5?
211296
In base 6, what is 3044 + 3423?
10511
In base 2, what is -1111 + -11001011111001?
-11001100001000
In base 16, what is -182 + 37?
-14b
In base 2, what is -1001010011101011010 + 100?
-1001010011101010110
In base 14, what is -173 - b?
-180
In base 13, what is 1706 - -59?
1762
In base 12, what is 363 + -18b8?
-1555
In base 2, what is -101011111110101011 - -1111?
-101011111110011100
In base 11, what is -115260 - -3?
-115258
In base 16, what is 6 - a18c?
-a186
In base 9, what is 4 - 166458?
-166454
In base 10, what is 3007 + -2?
3005
In base 6, what is -32 + -3041512?
-3041544
In base 6, what is -4550 + 104?
-4442
In base 2, what is 101010001100 - -101?
101010010001
In base 7, what is -3 + -13316?
-13322
In base 12, what is -102 + 5334?
5232
In base 3, what is -122101022211 + 2?
-122101022202
In base 11, what is 9 - -2039?
2047
In base 15, what is -2323 - -67?
-22ab
In base 12, what is 8bb2a + -3?
8bb27
In base 14, what is 3d + -177?
-138
In base 7, what is -50361 + -51?
-50442
In base 13, what is 2a2 - 10?
292
In base 6, what is 14 - -143353?
143411
In base 11, what is -748864 - -5?
-74885a
In base 4, what is -103000 + 1?
-102333
In base 2, what is 1000000000 + 100000011?
1100000011
In base 4, what is -133 + -22033321?
-22100120
In base 12, what is 1bb622 - a?
1bb614
In base 7, what is 3341 - -16255?
22626
In base 10, what is -45593 + 5?
-45588
In base 13, what is -4 + 1696b?
16967
In base 13, what is 35 + -89?
-54
In base 15, what is -b0b - -11d?
-9dd
In base 6, what is -21 + -143433?
-143454
In base 6, what is -15440404 + -3?
-15440411
In base 3, what is -2211 - 110121?
-120102
In base 13, what is -78 - c8c?
-1037
In base 4, what is -321 + -32220?
-33201
In base 2, what is 101 - -10001011110011001010?
10001011110011001111
In base 7, what is 155256 - 1?
155255
In base 2, what is 1010000011001001110 - 110?
1010000011001001000
In base 16, what is -5e5 - -4?
-5e1
In base 7, what is 364362 - 24?
364335
In base 3, what is 211121221 - 2?
211121212
In base 15, what is 0 - d698?
-d698
In base 6, what is -4343135 - -1?
-4343134
In base 6, what is 35130 + 15?
35145
In base 9, what is -13 - -2001?
1877
In base 7, what is -225440 - -6?
-225431
In base 5, what is 2 + 41223311?
41223313
In base 10, what is -1858079 - 0?
-1858079
In base 15, what is -6133 - 12e?
-6262
In base 8, what is 5 + 5745?
5752
In base 3, what is -1101 + -122000110?
-122001211
In base 15, what is -5de9 - -5?
-5de4
In base 12, what is 28a - -600?
88a
In base 14, what is -63668d + -3?
-636692
In base 12, what is -633 - -1aa?
-445
In base 13, what is -3a8ca - 5?
-3a902
In base 2, what is 100001101001100101 + -1?
100001101001100100
In base 10, what is 14 - -14640?
14654
In base 5, what is 233340 + 2324?
241214
In base 12, what is 4 - 41928?
-41924
In base 2, what is 1000001011 + 11100111?
1011110010
In base 2, what is 10111101111111 - 101?
10111101111010
In base 8, what is 735071 + 1?
735072
In base 4, what is 302303101 - -12?
302303113
In base 16, what is 2264 - 12?
2252
In base 10, what is 4553 - 398?
4155
In base 10, what is 5484363 - -5?
5484368
In base 3, what is -11020002001 - -112?
-11020001112
In base 8, what is -15 + 22442?
22425
In base 11, what is 38 - 1191?
-1154
In base 12, what is 2047 + -39?
200a
In base 14, what is 1c + -3aab?
-3a8d
In base 10, what is 663 - 90?
573
In base 13, what is 111 - 28a2?
-2791
In base 12, what is 105 + 14b?
254
In base 11, what is 9287 + -a?
9278
In base 4, what is 303 - 21110?
-20201
In base 2, what is 101 + -110011101011111?
-110011101011010
In base 10, what is -14 + -112510?
-112524
In base 10, what is -376422 - 1?
-376423
In base 3, what is 1021002112 + -12?
1021002100
In base 2, what is -1010011100111100 - 1?
-1010011100111101
In base 8, what is -12254 + -755?
-13231
In base 3, what is 10111001 + 2222?
10121000
In base 12, what is -4 + 28471?
28469
In base 7, what is -12143 - 6?
-12152
In base 16, what is -726f - -5b?
-7214
In base 12, what is 1204 - -60?
1264
In base 13, what is -4 + 4b838?
4b834
In base 6, what is 24 + -5504?
-5440
In base 5, what is 1010340 - -4?
1010344
In base 7, what is -3 + -442050?
-442053
In base 10, what is -5 - -194103?
194098
In base 6, what is 0 + -114513?
-114513
In base 13, what is 159 - -26c?
3c8
In base 8, what is -10 - -6626?
6616
In base 6, what is -1 + -451502?
-451503
In base 9, what is 3378548 + 3?
3378552
In base 4, what is -300121 + 20?
-300101
In base 9, what is -21 - -13788?
13767
In base 3, what is 1210101 - 1102?
1201222
In base 7, what is 31 - -46163?
46224
In base 10, what is 81984 - 0?
81984
In base 4, what is 1222211321 - -2?
1222211323
In base 16, what is -3b6a - -3?
-3b67
In base 6, what is 10155 + 13034?
23233
In base 2, what is 10 - 11001011111011000?
-11001011111010110
In base 11, what is 21 + 116a?
1190
In base 15, what is 1606 + -1?
1605
In base 14, what is -360 + -2?
-362
In base 14, what is 1a + -23d?
-223
In base 3, what is 121000 + -22002?
21221
In base 8, what is 17 + -13252?
-13233
In base 15, what is 94ce - 0?
94ce
In base 12, what is -17b6 - -111?
-16a5
In base 14, what is -a2 + b2?
10
In base 4, what is 102 + 310211?
310313
In base 2, what is -1 - 11111110100110011110?
-11111110100110011111
In base 11, what is -16934 - a?
-16943
In base 3, what is -2201200220 + 12?
-2201200201
In base 13, what is -3 - -4c78?
4c75
In base 6, what is -45523 + 2?
-45521
In base 3, what is 10121002011 - 1?
10121002010
In base 6, what is -1504 + -53?
-2001
In base 11, what is 5360 - -10?
5370
In base 12, what is -9 - -3337?
332a
In base 7, what is -3 - -1012406?
1012403
In base 11, what is -271a6 - 0?
-271a6
In base 15, what is 49415 - -4?
49419
In base 4, what is 10020011300 + 11?
10020011311
In base 12, what is -566298 + 1?
-566297
In base 10, what is 37678 - -5?
37683
In base 2, what is -1101110100111101 + -1010?
-1101110101000111
In base 9, what is 0 - -303641?
303641
In base 8, what is -2023 - -15?
-2006
In base 15, what is -2 - -41ee1?
41ede
In base 5, what is -1024 + 111300?
110221
In base 15, what is 89934 - 2?
89932
In base 15, what is 25a0 - -11?
25b1
In base 11, what is -656 + -15?
-670
In base 12, what is -2b25 - -12?
-2b13
In base 12, what is 53 + -1a?
35
In base 10, what is 4 + -330?
-326
In base 14, what is -a9894 + -1?
-a9895
In base 11, what is 1 + -6a89a8?
-6a89a7
In base 13, what is 7 - -6153?
615a
In base 8, what is 221777 + 12?
222011
In base 6, what is -20021 - 120?
-20141
In base 11, what is 20 + 2008?
2028
In base 2, what is -10001011001 - -10001101?
-1111001100
In base 2, what is -10000001000 + 100110010?
-1011010110
In base 10, what is -2 + -30611?
-30613
In base 15, what is -64 + -158a?
-15ee
In base 4, what is -13202 + 3023?
-10113
In base 14, what is 3 - b1826?
-b1823
In base 4, what is -3010 + -100330?
-110000
In base 8, what is -166 - 2?
-170
In base 15, what is -6 + -200d?
-2014
In base 5, what is 10230 - 114?
10111
In base 12, what is -2865 - -66?
-27bb
In base 6, what is -105 - 40215?
-40324
In base 4, what is 3 - 100200131?
-100200122
In base 5, what is 0 - 114312030?
-114312030
In base 10, what is 9345 - 5?
9340
In base 8, what 